143) + 11 + -6 + 4 + 0.
-76
What is 1 - (-20 - 9 - 5 - -16)?
19
What is 14 + (-23 - (-18 + -4 + 17)) + 77?
73
Evaluate 27 - (48 - (-65 + 76)).
-10
Calculate 43 + 0 + (-60 - 0).
-17
Calculate (4 - 7 - 5) + (7 + -9 + -21 - -20).
-11
What is the value of -43 + -17 + (-1 - 8)?
-69
What is (-1 - -4 - -1 - (-38 + 2)) + 0 + -6?
34
Calculate 168 + -65 - 10 - 85.
8
What is 2275 + -2309 + (-3 - -1)?
-36
What is the value of 2 + 0 - (1671 + -1631)?
-38
1 - 12 - (53 - 23 - -68)
-109
Calculate (42 - (25 - 2)) + (-19 - (-14 + (13 - 7))).
8
Evaluate (4 + 0 - (-71 - -4)) + (31 + -3 - 17).
82
Evaluate (38 - (-1 + 3)) + (-493 - -519).
62
Evaluate 1 + 53 + (3725 - 3776).
3
Calculate 0 - 8 - (-14 + 57 + -19 + 8).
-40
What is -77 + (74 - -43) - -69?
109
Calculate -3 - (47 + -27 + -17 - 1).
-5
What is the value of 144 + -87 + 37 - 65?
29
What is (-6030 + 6003 - (-1 - 91)) + (-1 + 1 - -10)?
75
Evaluate -2 + -12 - 1 - (31 - (-38 + 38 + 24)).
-22
What is the value of 4 + -12 + (2 - -54) - 9?
39
Evaluate (-15 - -6) + -1 - ((-13 - -35) + -51).
19
Evaluate (4 - (-4 + (2 - 13))) + -35.
-16
Evaluate 1 - (-19 - (19 - 17 - 37)) - 31.
-46
What is 111 + 37 + -106 - (49 + -4)?
-3
Calculate 22 - (-14 + 83 + -89).
42
What is (-11 - 1) + (30 - 33 - (-1 + (-4 - 0)))?
-10
Evaluate (181 - 175) + -3 + (1 - 1) + -2 + 39.
40
What is (-1 - 0) + 2 + (-3 - (-100 + 47))?
51
Calculate (-9933 - -9932) + 1 + -53.
-53
Evaluate -21 + 10 + 9 - (-26 - ((11 - 4) + -1)).
30
Evaluate 14 + (25 - 9) - (14 + -22).
38
48 + 3 - (-307 + 320)
38
What is 71 - (76 + -100 - -129)?
-34
What is -77 + 324 - 108 - 123?
16
(15 - 52 - -66) + -102
-73
What is -28 + (12 - (26 - 6)) + -27?
-63
(-20 + 5 - -20) + (3 - (-25 - (-1 + -2)))
30
Evaluate (1 - 36) + 72 + -5.
32
(3 - (-20 + 40)) + 19 + -1 + 18
19
Evaluate 115 + -36 + -42 - 15.
22
-42 - (-106 - (123 + -256))
-69
What is -16 - -39 - 92 - ((2 - -1) + -5 + 7)?
-74
Evaluate -45 - ((2 - 13) + 1 + 42 + -43).
-34
Calculate (26 - (2 - 2)) + -9 + (6 - 10) - 60.
-47
Evaluate 6 + (8 - 40) - (-3 + -45).
22
What is the value of 670 + -702 - (-57 - 1)?
26
What is the value of (-17 - (-30 - -81)) + -35?
-103
Calculate 2 + 16 + 215 + -226 - (-61 - -6).
62
(-10 - 0) + 144 + -47 + -128
-41
What is (79 + -107 - (-6 - -1)) + 18?
-5
What is the value of (-48 - -58) + (-4 - 0)?
6
-17 + 37 - 27 - (-8 + -147 - 0)
148
What is (2 - 8) + 7 + -5 + 57?
53
What is the value of (7 - -12 - (138 - 17)) + 30?
-72
What is the value of 112 - (118 + -22 + 88)?
-72
What is -4487 + 4490 + (11 - (-1 - -2))?
13
Calculate 1 + 19 + (-55 - -51) + (-1 - 1).
14
What is -14 - (-8 - -14) - (-184 - -223)?
-59
What is -108 - -6 - (-13 - (0 + -9) - -13)?
-111
62 + -9 + -362 + 425
116
5 + -1 + -45 + (31 - 15) + (15 - 35)
-45
Evaluate -42 - (-66 - (-74 - -35)).
-15
What is the value of (34 - 45) + (-289 - -188)?
-112
What is the value of -43 + (3 - -13) + -13 + 12 + -2?
-30
Evaluate -5 + -1 - (-2 - -35) - (67 - 76).
-30
What is the value of 36 + (151 + -130 - 44)?
13
(3 - 6 - 2) + 13 - 47
-39
Evaluate -14 - (-33 - (6 + -25)) - -3.
3
What is -83 + 49 + 79 - -40?
85
17 - (20 - (-1 - 17) - 11)
-10
-73 + (116 - (47 - 25))
21
Calculate (-1 - 6) + (164 - 44 - 123).
-10
What is 4 + -1 + (-8 - (-2 + -14 + 12 + 7))?
-8
What is 4 + -11 - -22 - 20 - -2 - (0 - -93)?
-96
Calculate -152 - -10 - ((6 - 22) + 8).
-134
What is (-1 - 25 - (-301 + 283)) + (0 - 25)?
-33
(1 - 26) + (-490 - -509) - (-2 + (1 - 40))
35
Calculate (-3 - -86) + -16 + -1 + 478 + -461.
83
What is the value of -102 + 5 + 62 + 43?
8
Evaluate (-2 - -7) + -1 + (3598 - 3634).
-32
Calculate 16 + -28 - (-1 - 0 - (10 + 3)).
2
What is -11 - 65 - (56 + -127)?
-5
What is the value of 35 - (57 + -30) - (-2 + -3 + 80)?
-67
(13 - (-17 - (-25 + 20))) + -18
7
What is the value of (-117 - -60) + 139 + -24?
58
Evaluate (12 - 9) + -25 + (578 - 656).
-100
-15 + 36 + 34 + -98
-43
1878 + -1870 - (6 + -4 + -58)
64
Evaluate 2 + -1 + 3 + 49 - (-164 + 155) - 3.
59
Evaluate (580 - 576) + (-1 - -20) + -4 - -95.
114
Evaluate (-4 - (3 - (-64 + 8 + -15))) + 10.
-68
Evaluate 10 + (-7 + 6 - -2) + -54 + -9.
-52
What is -44 - (-8 + 3) - (-4 + -11 - -5)?
-29
(0 - -14) + -1 - (145 - (-94 - -229))
3
Evaluate (-33 - -10) + 424 + -448.
-47
What is the value of -2113 + 2114 + (1 + 0 - 18) + 1?
-15
Calculate -64 - (23 - (-66 - -114)).
-39
What is 24 + (41 - 8 - 30)?
27
(-18 - -8 - (-27 + 35)) + 16 + 3 + -76
-75
What is the value of -22 - (-469 + 394 + 2 + -33)?
84
Evaluate (-2 - -18) + -12 + -18 + 47.
33
Calculate 12 + (-6 - (5 + -24 + -2)).
27
Calculate -31 + 0 - (-2600 + 2642).
-73
What is the value of 2 - -4 - -1 - (88 - (30 - (-8 + 28)))?
-71
-191 + 95 - (-5 + 5) - -25
-71
What is (60 - 55 - 13) + 9 + -1?
0
-10 + (-10 - -71 - 55)
-4
Evaluate (-45 - -7) + (0 - (-11 - -1) - (343 + -339)).
-32
Evaluate 1 - (23 + -16) - (7 + -13 + -9).
9
What is the value of -9 + -10 + (-1 + -9 + 18 + -11 - -5)?
-17
What is 4 + (-1905 + 1890 - (1 - 24))?
12
70 - (32 - (33 + -15))
56
Evaluate -67 - (-130 + 102 + -10).
-29
Evaluate -57 + 14 + 33 + (4 - -23).
17
What is 30 - (10 - 17 - -23)?
14
Evaluate 32 - -14 - -62 - (4 + (12 - 2) + -5).
99
Calculate -14 + (6 - (7 + -2) - -21) - -26.
34
7 + (54 - 41) - -39
59
Calculate (-27 - 81) + 82 + -1 + 53.
26
What is (7 - -7) + (-2 + -43 - (10 - 6))?
-35
What is 1 - (0 + 1 + (4 - 63)) - (-1639 + 1640)?
58
Evaluate (-10 - 56 - 6) + (-15 - -33).
-54
2844 - 2836 - (0 - (-2 + 3) - 8)
17
Calculate (-140 - -139) + (-2 + 8 - 6).
-1
Calculate 6 + -1 - (-16 - 112 - (4 + (-12 - 18))).
107
-127 - -142 - (78 - (20 - 15))
-58
Evaluate (-321 - -268) + 75 + 10.
32
What is the value of (7 - (7 + 20)) + -5 + (-1 - 55)?
-81
0 + -14 + 1 + (385 - 346)
26
What is (-50 - -35) + 5 + -12?
-22
What is the value of 31 + -69 + 77 + -68?
-29
Calculate -88 + (120 + -55 - 3).
-26
Evaluate -2 + (-2 - -13) - (79 - (63 + 16)).
9
-3 - ((44 - (1 - -1)) + 7) - (-15 - -19)
-56
Calculate -81 - -48 - -36 - 60.
-57
Calculate 11 + 0 + -206 + 211.
16
Calculate 5 + -7 - 10 - (-62 + 3 + 0 + -3).
50
51 + (-2 - -1) + (-27 - 112) + 122
33
What is -48 + (120 - (222 - 93))?
-57
Calculate (211 - 206 - (17 + 0)) + -1 + -12.
-25
Evaluate (-8 + 15 + -8 - -2) + 0 + -20.
-19
What is the value of -12 + 32 + -27 + 17 - -56?
66
-30 + 11 + 0 + 54 + 1 + -8
28
Evaluate -24 + -7 - (9 - (-1 - 3)).
-44
Evaluate 25 + (-95 - 73) + 68.
-75
What is -1 - (27 + -25) - (2 + (-32 - 3)) - 6?
24
Evaluate -1302 + 1289 + (1 - ((-2 - (2 - 99)) + 5)).
-112
Evaluate (7 - (-3 + (-7 - -19))) + (11 + -28 - -12).
-7
What is the value of 0 + -52 - ((-1 - 54) + (-4875 - -4954))?
-76
What is the value of -1 + -1 - (-363 + 348) - (13 - 1)?
1
2 + -42 + (-29 - -87 - 108)
-90
What is the value of 112 + (-34 - (6 - 4)) + 22?
98
Evaluate 153 - (271 - 133) - (-1 + -17).
33
(1 - 14) + (58 - (13 - -27)) - 37
-32
What is the value of (52 - 20 - 4) + 6?
34
What is the value of 89 - ((42 + -69 - -31) + 1 + -11)?
95
Calculate -16 + -8 + 16 + (3 + -4 - -84).
75
-10 + -16 - (-3 - (5 - 15))
-33
What is -76 + -5 - (-15 - -16 - -1 - -2)?
-85
Calculate (-13 + 8 + 7 - -16 - 11) + 24.
31
-61 - (24 + 27 + -24 + -31)
-57
What is (21 - (7 - 0)) + (-13 - 15) - (77 - 0)?
-91
-51 - (-8 - (19 - 0 - 5))
-29
Calculate -12 - (15 + (-11 - 8) + 1).
-9
What is the value of 239 + -62 + -59 + -60?
58
Evaluate 4 - 11 - (30 - (49 - 2)).
10
Evaluate 0 + -15 + 101 + -47 + -2.
37
Evaluate (124 - 46) + -178 - -174.
74
Calculate 88 - (19 + 21 + -4).
52
Evaluate 8 + (0 + (1 - 21) - -51).
39
Calculate (10 - 10) + -8 - (8 + -9 + -38).
31
Evaluate (-8 - -3) + 27 + (78 - 115).
-15
Evaluate (10 - 1) + -50 + (-2 - -30).
-13
1 + (1 + 3 - 1) - ((79 - 218) + 156)
-13
What is the value of -11 - (-16 + 10 + 9 + 0 - (3 + 27))?
16
Evaluate -2415 + 2411 - ((1 - -10) + 1).
-16
What is the value of (0 - (-37 + 65)) + 1 + 1 + 3?
-23
Evaluate (9 - 17) + 12 + (6 - (-15 - 39)).
64
87 + (-5 - (-30 - -18) - (-16 + 9))
101
Calculate 19 + -2 + -31 + 6 + (-53 - -24).
-37
Calculate -13 + -1 - (7 - 73 - (21 - -36 - 34)).
75
Calculate -87 + -27 + 31 - (-102 + 62).
-43
What is the value of -13 - (2 + 1 - (-91 + 103)) - (2 - 9)?
3
1 - 39 - (-54 + -94 + 151)
-41
Calculate (-5 + (5 - 15) - (-6 - (-21 - -14))) + 155.
139
Evaluate 6 - ((10 - (8 - 1)) + -15 - 19).
37
5 + -4 + 406 + -531 + 8 + 1
-115
Evaluate -15 + (62 + 26 - 41).
32
Cal